ate the remainder when 122 is divided by k(0).
34
Let r = 1795 - 1413. Calculate the remainder when r is divided by 8.
6
Suppose 7*n = 15*n - 200. Let m(v) = v**3 - 5*v**2 - v + 7. Let q be m(5). Suppose a + 74 = q*a. What is the remainder when a is divided by n?
24
Let p(t) = -t**3 + 7*t**2 + t + 2. Let z = 4 + -1. Suppose z*l = 25 + 23. What is the remainder when l is divided by p(7)?
7
Suppose -4*t - 4*s = -16, -2*s - 8 = -4*s. Suppose -13*d + 9*d + 308 = t. What is the remainder when d is divided by 27?
23
Suppose -545 = 2*j - 7*j. Calculate the remainder when j is divided by 8.
5
Let j(y) = -6 + y**3 - 302*y**2 + 300*y**2 - 3*y**3. What is the remainder when 117 is divided by j(-3)?
27
Suppose -91 + 29 = -2*k. Suppose 14*m + 2*m - 1392 = 0. Calculate the remainder when m is divided by k.
25
Let p be -9*((-2)/6)/(2/6). Suppose g = 4*g - 3, -3*r - 2 = 4*g. Calculate the remainder when 34 is divided by r/(-3)*(p + 9).
10
Suppose 5*h + 9 = 6*h. Suppose 0 = 2*y - 6, 0*a + 24 = a + 5*y. Suppose -4*j - 10 = -a*j. What is the remainder when h is divided by j?
1
Suppose -1 = -2*l + 3*l. Let y(u) = -2*u + 11 - 10*u**3 - 13 + 4*u - 5*u. What is the remainder when 20 is divided by y(l)?
9
Suppose -2*f + t - 12 = 0, -3*f + 16 = -6*f + t. What is the remainder when (-46)/(-4) + 2/f is divided by 10?
1
Suppose -5*l = -2*d + 3*d - 20, -5*d + l = -22. Let y(s) = 3*s - 13*s**2 - 6 + 12*s**2 + 0 + 7*s. What is the remainder when y(d) is divided by 10?
9
Suppose 14*m + 1260 = 28*m. Calculate the remainder when 242 is divided by m.
62
Let j = -14 - -16. Suppose 0 = -x + j*x - 9. Let c = -26 + 61. Calculate the remainder when c is divided by x.
8
Let p(g) = -37*g + 668. What is the remainder when p(9) is divided by 24?
23
Let n(s) = s**2 - 3*s - 2. Let a be n(2). Let t(k) = -k**3 + 19*k**2 + 23*k - 42. Calculate the remainder when t(20) is divided by (77/44)/((-1)/a).
4
Let k(f) = -6*f**3 - f**2 + 3*f - 1. Let n = -827 + 856. What is the remainder when k(-3) is divided by n?
27
Let d(b) be the third derivative of -3*b**4/8 - b**3/6 + b**2 - 12*b. What is the remainder when d(-7) is divided by 22?
18
Let q = 520 + -264. What is the remainder when q is divided by 87?
82
Let x(z) = -13*z - 16. Let n be x(-6). Suppose -3*s - 5*t = -n, 2*s + 2*s + 3*t - 68 = 0. Calculate the remainder when 55 is divided by s.
13
Calculate the remainder when 8658/259 + (-4)/(-7) is divided by 15.
4
Suppose 4*y = -y + 35. Let c(w) = -w**2 + 12*w - 1. Calculate the remainder when c(y) is divided by 18.
16
What is the remainder when 164 - (34 + -34)/((-4)/2) is divided by 36?
20
Let x(a) = -13*a + 139. Calculate the remainder when 1609 is divided by x(10).
7
Calculate the remainder when 478 + (-1)/1*-7 is divided by 81.
80
Let b(d) = -d**3 + 16*d**2 + 16*d + 18. Let p(z) = -z**3 - z**2 - 2*z - 7. Let v be p(-3). Calculate the remainder when 3 is divided by b(v).
0
Suppose 618*r - 21 = 611*r. Calculate the remainder when 8 is divided by r.
2
Let w = 16 + -17. Let z be (-237)/(-7) - w/7. Let s = 56 - z. Calculate the remainder when s is divided by 8.
6
Let s = -46 + 258. Calculate the remainder when s is divided by 27.
23
Let m(t) = -76*t - 72*t + 152*t + 138. What is the remainder when m(0) is divided by 35?
33
Suppose 0 = 232*s + 140*s - 125*s - 10374. Let l = -4 + 7. Suppose j - 8 = -5*u, 0 = l*j - 8*j - 5*u + 100. Calculate the remainder when s is divided by j.
19
Suppose -d = 5*f - 48, -4*f + 3 = -1. Suppose 2*l = 2*r + 16, -2*r = -4*l + 48 - 6. Calculate the remainder when d is divided by l.
4
Let k = 8 + 0. Suppose -3*o + 4 = -k. Suppose -5*s + 100 = 4*p, -4*p = -2*p - o*s - 50. What is the remainder when p is divided by 14?
11
Let j(d) = 39*d**2 - 8*d - 33. Calculate the remainder when j(-4) is divided by 13.
12
Let v = 5 - 5. Suppose -j + 5*j - 12 = v. What is the remainder when (38*j)/(2/1) is divided by 20?
17
Let i = -1033 + 1290. Calculate the remainder when i is divided by 52.
49
Let y be -115*(-2 + 3) - (-8 + 6). Let s = -83 - y. What is the remainder when s is divided by 11?
8
Let r be 2 - 5 - -1*75. Let x = r - 42. Calculate the remainder when 119 is divided by x.
29
Let z = -39 - 24. Calculate the remainder when 1176/z*(-15)/4 is divided by 19.
13
Suppose 3 = -a, 2*h - 1 - 4 = -a. Suppose -105 = -7*g + h*g. Calculate the remainder when 138 is divided by g.
33
Let m = 12 - 9. Suppose m*i + 0*i - 12 = 0. Suppose o - 4*o + 14 = 4*t, 4*o + 5*t = 18. Calculate the remainder when i is divided by o.
0
Suppose -40 = 9*f - 4*f. Let a = f + 14. Let o = a - -1. What is the remainder when o is divided by 3?
1
Suppose 3*y - 329 = -2*g, -4*y + 191*g = 194*g - 437. What is the remainder when 169 is divided by y?
56
What is the remainder when -3 + 25130/161 + (-2)/23 is divided by 22?
21
Suppose -u + o + 110 = 0, 3*u - o - 334 = -2*o. What is the remainder when u is divided by 14?
13
Suppose -32*y + 48*y - 1424 = 0. What is the remainder when y is divided by 47?
42
What is the remainder when 65 is divided by 5*(24/(-40) + 2)?
2
Let q(r) = -r**3 + 66*r**2 + 6*r - 325. Calculate the remainder when q(66) is divided by (-19)/((2 - 1)*-1).
14
Let u(g) = 2*g + 18. Let l(r) = r**2 - 11*r + 18. Let w be l(8). Suppose -12 = -c - 3. What is the remainder when c is divided by u(w)?
3
Calculate the remainder when 903 is divided by 9 + -2*(-11)/(-22).
7
Let c = -109 - -143. What is the remainder when 60 is divided by c?
26
Suppose -3155 = -7*r + 1108. What is the remainder when r is divided by 68?
65
Suppose -7*s + 636 = -3*s + 5*d, -3*d = -s + 159. Calculate the remainder when s is divided by 7.
5
Let o = 194 - 347. Let g = -88 - o. What is the remainder when g is divided by 17?
14
Suppose -b + 0*b = -148. Suppose 97 = 5*o + 4*l - b, 245 = 5*o - 2*l. Suppose -39 = -4*u + o. Calculate the remainder when u is divided by 12.
10
Let g(o) be the first derivative of -o**3/3 - 7*o**2/2 + 9*o - 3. Let s be g(-7). Suppose -s*x + 10*x - 38 = 0. Calculate the remainder when x is divided by 8.
6
Let c be (9 + -6)/(1/53). Let b = -278 + c. Let q = 198 + b. What is the remainder when q is divided by 27?
25
Suppose -3*y + 4*u = 29, 0 = -y + u - 9 - 2. Let z = y + 26. Calculate the remainder when (-6)/4 + ((-73)/(-2) - 6) is divided by z.
7
Suppose 5*v - 25 = 25. Let s = -12 + v. Calculate the remainder when 29 + (0/3)/s is divided by 8.
5
Let r be (0/(-1 - -4))/(-2 + 0). What is the remainder when 37 is divided by r + 26/(5 - (-9)/(-3))?
11
Suppose 2*h + 4*d - 32 = 0, d + 11 = h + 4. What is the remainder when h is divided by 16/(-6)*(-21)/14?
2
Suppose 5*b = 60 - 5. What is the remainder when 14 is divided by b?
3
Let x(t) = -5*t**2 + 37*t + 25. What is the remainder when 2 is divided by x(8)?
0
Let x be 6/(-18) + 32/6. Let l = 8 - x. Suppose 4*w = l*w - 5*t + 30, w + 4*t = 35. What is the remainder when w is divided by 14?
13
Suppose -3*u + 11 = a - 3, -14 = -4*a + 2*u. Suppose a*n - 236 = n. Suppose -d = -2*o + 36, -3*o + n + 0 = -4*d. What is the remainder when o is divided by 10?
7
Suppose -266 = -6*u - 74. What is the remainder when 110 is divided by u?
14
Let y(x) = -29*x + 1. Let c be y(-3). Suppose -c = -3*a + 4*r - 0*r, -5*a + 108 = 3*r. Calculate the remainder when 69 is divided by a.
21
Let p(z) = z**2 - 1. Let f be p(2). Suppose -95 = -2*x - f*x. Calculate the remainder when 37 is divided by x.
18
Suppose 10*r - 83 - 77 = 0. Calculate the remainder when 105 is divided by r.
9
Let o be 42/(-49) + 1/(-7). Let t = 3 + 0. What is the remainder when 4*3/9*-9*o is divided by t?
0
Let b(d) = -12*d - 12 - 4*d**2 - 2 + 3*d**2. Let i = 14 - 9. Calculate the remainder when b(-10) is divided by i.
1
Suppose 6*s - 4*s = -5*q + 35, -4*q + 3*s + 28 = 0. Suppose 62 = -q*c + 9*c. Suppose -c*f - 28 = -35*f. What is the remainder when 16 is divided by f?
2
Let u(r) be the first derivative of -6*r**2 + 8. Calculate the remainder when u(-7) is divided by 17.
16
Let z(i) = -i**3 + 3*i**2 + 3*i - 3. Suppose 0 = -4*c - 4*t + 8, -5 = -3*c + 5*t + 9. Calculate the remainder when 10 is divided by z(c).
4
Suppose 0 = -4*p + 72 - 24. Let n = p - 0. Calculate the remainder when (40/6)/((-4842)/(-432) + -11) is divided by n.
8
Suppose -3*n - n + 36 = 0. Let p be 12/1*30/n. Suppose 4*l + p = 212. Calculate the remainder when 